vide 1248548?
True
Is 2182275 a multiple of 75?
True
Is 18 a factor of 449532?
True
Does 71 divide 453619?
True
Does 11 divide 259006?
True
Is 729 a factor of 4400513?
False
Is 3044853 a multiple of 17?
True
Is 307850 a multiple of 349?
False
Is 663 a multiple of 112?
False
Is 13 a factor of 1167543?
True
Is 1085802 a multiple of 146?
True
Is 79 a factor of 8175352?
False
Does 18 divide 424044?
True
Does 14 divide 596764?
True
Is 6 a factor of 74471?
False
Does 85 divide 4840835?
True
Does 8 divide 271528?
True
Is 58 a factor of 258156?
False
Does 558 divide 45756?
True
Is 964680 a multiple of 6?
True
Is 12 a factor of 4570474?
False
Is 206 a factor of 707198?
True
Is 35532 a multiple of 27?
True
Is 3521016 a multiple of 47?
False
Is 3826259 a multiple of 19?
False
Is 3943535 a multiple of 6?
False
Is 44 a factor of 7861511?
False
Is 2276 a factor of 6966836?
True
Is 1570239 a multiple of 297?
True
Is 9 a factor of 72876?
False
Is 20 a factor of 1680320?
True
Is 68 a factor of 178092?
True
Does 44 divide 14439035?
False
Is 12 a factor of 3228?
True
Is 9788828 a multiple of 214?
False
Is 1292148 a multiple of 143?
True
Does 55 divide 209345?
False
Is 608 a factor of 468768?
True
Does 161 divide 403627?
True
Is 332 a factor of 2174268?
True
Is 10 a factor of 695932?
False
Is 64 a factor of 234432?
True
Is 116 a factor of 683312?
False
Is 158 a factor of 472736?
True
Is 55 a factor of 2857052?
False
Is 86 a factor of 1461312?
True
Is 191308 a multiple of 169?
True
Is 8641372 a multiple of 27?
False
Is 2012673 a multiple of 1097?
False
Is 358 a factor of 1280208?
True
Does 20 divide 25305100?
True
Does 99 divide 54591?
False
Is 1352934 a multiple of 4?
False
Is 593152 a multiple of 128?
True
Is 14 a factor of 8670928?
True
Is 173284 a multiple of 805?
False
Does 7 divide 65835?
True
Does 84 divide 894208?
False
Does 116 divide 6771036?
True
Does 149 divide 11705?
False
Is 9571640 a multiple of 316?
True
Does 13 divide 65263?
False
Is 209253 a multiple of 407?
False
Is 8015 a multiple of 41?
False
Is 1099755 a multiple of 6?
False
Is 153022 a multiple of 192?
False
Does 12 divide 202392?
True
Is 31 a factor of 81189?
True
Does 84 divide 10859856?
True
Is 16 a factor of 662144?
True
Is 124246 a multiple of 73?
True
Is 11 a factor of 356708?
True
Is 1625138 a multiple of 14?
False
Is 408173 a multiple of 3?
False
Is 77 a factor of 548487?
False
Does 1576 divide 21564345?
False
Is 13196 a multiple of 97?
False
Is 105 a factor of 4622940?
True
Is 3374722 a multiple of 26?
True
Is 536240 a multiple of 80?
True
Is 4 a factor of 5135918?
False
Is 170 a factor of 1417342?
False
Is 64 a factor of 144384?
True
Is 210343 a multiple of 7?
True
Is 28 a factor of 25293612?
False
Is 4 a factor of 34337?
False
Does 246 divide 5011683?
False
Is 6594609 a multiple of 327?
True
Is 93717 a multiple of 89?
True
Does 162 divide 159084?
True
Is 11373809 a multiple of 116?
False
Does 74 divide 157695?
False
Does 104 divide 63128?
True
Is 40 a factor of 295120?
True
Is 48237 a multiple of 2?
False
Does 66 divide 12564222?
True
Does 1414 divide 6108480?
True
Is 1113576 a multiple of 884?
False
Is 56 a factor of 50848?
True
Is 23 a factor of 987001?
False
Is 846395 a multiple of 28?
False
Does 15 divide 294083?
False
Is 13 a factor of 35389?
False
Is 110696 a multiple of 4?
True
Does 364 divide 342556?
False
Is 196 a factor of 152419?
False
Is 368 a factor of 3523968?
True
Does 8 divide 5792?
True
Is 92 a factor of 77372?
True
Is 587760 a multiple of 12?
True
Is 39 a factor of 97125?
False
Does 16 divide 250800?
True
Does 38 divide 14807878?
True
Does 3 divide 1447560?
True
Is 6 a factor of 4550588?
False
Is 21324946 a multiple of 11?
False
Is 372060 a multiple of 78?
True
Does 1073 divide 13354558?
True
Is 77 a factor of 171888?
False
Does 23 divide 7736947?
True
Is 11449193 a multiple of 49?
True
Is 51 a factor of 180999?
True
Does 375 divide 48907?
False
Is 248 a factor of 202616?
True
Is 26 a factor of 36381?
False
Is 179731 a multiple of 8?
False
Does 364 divide 218114?
False
Is 16775 a multiple of 25?
True
Is 506825 a multiple of 6?
False
Is 6 a factor of 679766?
False
Does 295 divide 177277?
False
Is 21 a factor of 1047417?
True
Is 1083713 a multiple of 18?
False
Is 64 a factor of 25332672?
True
Does 13 divide 3518494?
False
Does 438 divide 644298?
True
Is 4762551 a multiple of 825?
False
Does 22 divide 3025539?
False
Does 12 divide 6794679?
False
Does 629 divide 23013852?
True
Is 5416320 a multiple of 372?
True
Is 13 a factor of 790335?
True
Is 159048 a multiple of 26?
False
Is 228143 a multiple of 143?
False
Is 3141500 a multiple of 16?
False
Is 46971 a multiple of 17?
True
Is 169 a factor of 4785499?
False
Is 17 a factor of 4997621?
False
Is 136 a factor of 51408?
True
Does 22 divide 27079096?
True
Is 3238524 a multiple of 36?
True
Is 19 a factor of 152631?
False
Does 55 divide 120473?
False
Is 478368 a multiple of 32?
True
Is 199 a factor of 2285515?
True
Does 57 divide 1577874?
True
Is 11494208 a multiple of 25?
False
Is 46803 a multiple of 94?
False
Is 13041855 a multiple of 533?
False
Is 1317453 a multiple of 2?
False
Is 503 a factor of 111036?
False
Does 726 divide 12553266?
True
Does 58 divide 138446?
True
Does 11 divide 15074687?
False
Is 57 a factor of 45201?
True
Is 796432 a multiple of 126?
False
Does 27 divide 1439357?
False
Is 78269 a multiple of 29?
False
Is 2829470 a multiple of 418?
False
Is 2218166 a multiple of 2?
True
Is 10836 a multiple of 18?
True
Is 12 a factor of 1970473?
False
Does 5 divide 243850?
True
Is 13104700 a multiple of 70?
True
Does 510 divide 2109142?
False
Is 4 a factor of 25975?
False
Is 9235 a multiple of 5?
True
Does 95 divide 3911086?
False
Is 253 a factor of 432300?
False
Is 48 a factor of 3958368?
True
Is 11 a factor of 790196?
True
Is 25 a factor of 201488?
False
Is 493487 a multiple of 19?
True
Is 76 a factor of 60808?
False
Does 306 divide 151944?
False
Is 7937072 a multiple of 82?
False
Is 8 a factor of 31968?
True
Does 10 divide 18559756?
False
Is 2158 a multiple of 9?
False
Is 2355186 a multiple of 32?
False
Does 20 divide 86395?
False
Is 80507 a multiple of 7?
True
Does 115 divide 10060430?
True
Does 13 divide 6837?
False
Does 124 divide 947041?
False
Does 32 divide 150656?
True
Is 116886 a multiple of 322?
True
Is 309312 a multiple of 8?
True
Is 275 a factor of 8494200?
True
Is 10435 a multiple of 18?
False
Is 10 a factor of 36550?
True
Is 9067497 a multiple of 272?
False
Is 188845 a multiple of 211?
True
Is 28 a factor of 3611888?
True
Is 15 a factor of 503284?
False
Is 10 a factor of 1439830?
True
Does 8 divide 91969?
False
Does 136 divide 458693?
False
Is 107 a factor of 602388?
False
Does 11 divide 237547?
False
Does 11 divide 415217?
True
Does 88 divide 392920?
True
Is 41 a factor of 336590?
False
Is 2049760 a multiple of 368?
True
Is 298552 a multiple of 184?
False
Is 419 a factor of 364111?
True
Does 7 divide 86786?
True
Does 445 divide 148817?
False
Does 104 divide 352941?
False
Is 10 a factor of 834452?
False
Does 29 divide 631359?
True
Does 165 divide 233640?
True
Does 91 divide 970697?
True
Is 221 a factor of 128180?
True
Is 1288257 a multiple of 9?
False
Does 95 divide 380984?
False
Does 100 divide 2018122?
False
Is 3111362 a multiple of 226?
False
Is 251 a factor of 123492?
True
Is 41 a factor of 3963019?
True
Is 92 a factor of 128206?
False
Is 293747 a multiple of 157?
True
Is 444387 a multiple of 360?
False
Does 17 divide 155414?
True
Is 1508125 a multiple of 133?
False
Is 2102953 a multiple of 455?
False
Is 1163901 a multiple of 528?
False
Does 679 divide 1481044?
False
Is 2 a factor of 10403?
False
Is 52 a factor of 722363?
False
Is 201773 a multiple of 13?
True
Does 85 divide 3614012?
False
Is 28 a factor of 107823?
False
Does 11 divide 11462?
True
Is 463426 a multiple of 19?
False
Is 2260718 a multiple of 20?
False
Is 114112 a multiple of 64?
True
Is 1135908 a multiple of 12?
True
Does 474 divide 408588?
True
Is 12 a factor of 33552?
True
Is 24 a factor of 1087411?
False
Does 334 divide 208416?
True
Is 298584 a multiple of 234?
True
Is 14436 a multiple of 36?
True
Is 10 a factor of 8697938?
False
Does 15 divide 69089?
False
Is 82032 a multiple of 31?
False
Is 101 a factor of 120089?
True
Is 42